{"id":1203,"date":"2024-09-15T17:39:34","date_gmt":"2024-09-15T15:39:34","guid":{"rendered":"https:\/\/www.efbusinessschool.it\/?post_type=cpt_courses&#038;p=1203"},"modified":"2025-12-23T12:59:30","modified_gmt":"2025-12-23T11:59:30","slug":"fondi-interprofessionali","status":"publish","type":"cpt_courses","link":"https:\/\/www.efbusinessschool.it\/index.php\/courses\/fondi-interprofessionali\/","title":{"rendered":"Fondi Inteprofessionali &#8211; Fondo Professioni"},"content":{"rendered":"\n<p class=\"wp-block-paragraph\">Grazie a Fondoprofessioni, gli Studi professionali e le Aziende, anche di piccole dimensioni, possono ottenere agevolmente il <strong>finanziamento della formazione del proprio personale<\/strong>. <strong>L\u2019adesione gratuita al Fondo<\/strong> consente di rispondere in maniera tempestiva alle esigenze formative degli Studi\/Aziende, nel momento del bisogno. I corsi finanziati da <strong>Fondoprofessioni<\/strong> sono organizzati da Enti attuatori specializzati, presenti sull\u2019intero territorio nazionale, che si occupano inoltre degli adempimenti amministrativi per l\u2019accesso alla formazione finanziata, per conto degli Studi\/Aziende.<\/p>\n\n\n\n<p class=\"wp-block-paragraph\"><strong>EF Business School \u00e8 un Ente Accreditato presso il Fondo<\/strong> e pu\u00f2 supportare la formazione in azienda a partire dalla progettazione del Piano Formativo, della gestione e della rendicontazione finale.<\/p>\n\n\n\n<p class=\"wp-block-paragraph\"><strong>Come aderire<\/strong><\/p>\n\n\n\n<p class=\"wp-block-paragraph\">L\u2019adesione a <strong>Fondoprofessioni<\/strong> \u00e8 facile, libera e gratuita: basta esprimerla una sola volta tramite la denuncia aziendale del flusso UNIEMENS. Cos\u00ec facendo, il contributo dello 0,30% del monte salari del personale dipendente, che viene gi\u00e0 versato ogni mese dal datore di lavoro per obbligo legge, verr\u00e0 destinato al Fondo, senza alcun costo aggiuntivo.<\/p>\n\n\n\n<p class=\"wp-block-paragraph\"><strong>Studi e Aziende aderenti ad altro fondo interprofessionale<\/strong><\/p>\n\n\n\n<p class=\"wp-block-paragraph\">Dovr\u00e0 essere riportata nella denuncia aziendale del flusso Uniemens, all\u2019interno dell\u2019elemento \u201cFondoInterprof\u201d, opzione \u201cRevoca\u201d, la sigla \u201cREVO\u201c. Contestualmente, dovr\u00e0 essere riportato il codice \u201cFPRO\u201d, seguito dal numero di dipendenti, per l\u2019iscrizione a Fondoprofessioni (opzione \u201cAdesione\u201d).<\/p>\n\n\n\n<p class=\"wp-block-paragraph\"><strong>Studi e Aziende non aderenti ad altro fondo interprofessionale<\/strong><\/p>\n\n\n\n<p class=\"wp-block-paragraph\">Dovr\u00e0 essere riportato nella denuncia aziendale del flusso Uniemens, all\u2019interno dell\u2019elemento \u201cFondoInterprof\u201d, opzione \u201cAdesione\u201c, il codice \u201cFPRO\u201d seguito dal numero dei dipendenti.<\/p>\n\n\n\n<p class=\"wp-block-paragraph\"><strong>Se desideri ricevere ulteriori informazioni puoi utilizzare la scheda di contatto:<\/strong><\/p>\n\n\n\n<div class=\"wpcf7 no-js\" id=\"wpcf7-f1378-o1\" lang=\"en-US\" dir=\"ltr\" data-wpcf7-id=\"1378\">\n<div class=\"screen-reader-response\"><p role=\"status\" aria-live=\"polite\" aria-atomic=\"true\"><\/p> <ul><\/ul><\/div>\n<form action=\"\/index.php\/wp-json\/wp\/v2\/cpt_courses\/1203#wpcf7-f1378-o1\" method=\"post\" class=\"wpcf7-form init\" aria-label=\"Contact form\" novalidate=\"novalidate\" data-status=\"init\">\n<fieldset class=\"hidden-fields-container\"><input type=\"hidden\" name=\"_wpcf7\" value=\"1378\" \/><input type=\"hidden\" name=\"_wpcf7_version\" value=\"6.1.7\" \/><input type=\"hidden\" name=\"_wpcf7_locale\" value=\"en_US\" \/><input type=\"hidden\" name=\"_wpcf7_unit_tag\" value=\"wpcf7-f1378-o1\" \/><input type=\"hidden\" name=\"_wpcf7_container_post\" value=\"0\" \/><input type=\"hidden\" name=\"_wpcf7_posted_data_hash\" value=\"\" \/>\n<\/fieldset>\n<div class=\"flex\">\n<div class=\"itm row\"><span class=\"wpcf7-form-control-wrap\" data-name=\"your-name\"><input size=\"40\" maxlength=\"400\" class=\"wpcf7-form-control wpcf7-text wpcf7-validates-as-required\" aria-required=\"true\" aria-invalid=\"false\" placeholder=\"Nome e Cognome*\" value=\"\" type=\"text\" name=\"your-name\" \/><\/span><\/div>\n<div class=\"itm row\"><span class=\"wpcf7-form-control-wrap\" data-name=\"tel-52\"><input size=\"40\" maxlength=\"400\" class=\"wpcf7-form-control wpcf7-tel wpcf7-validates-as-required wpcf7-text wpcf7-validates-as-tel\" aria-required=\"true\" aria-invalid=\"false\" placeholder=\"Telefono*\" value=\"\" type=\"tel\" name=\"tel-52\" \/><\/span><\/div> \n<div class=\"itm row\"><span class=\"wpcf7-form-control-wrap\" data-name=\"your-email\"><input size=\"40\" maxlength=\"400\" class=\"wpcf7-form-control wpcf7-email wpcf7-validates-as-required wpcf7-text wpcf7-validates-as-email\" aria-required=\"true\" aria-invalid=\"false\" placeholder=\"E-mail*\" value=\"\" type=\"email\" name=\"your-email\" \/><\/span><\/div><\/div>\n<div class=\"itm row\"><span class=\"wpcf7-form-control-wrap\" data-name=\"your-message\"><textarea cols=\"40\" rows=\"3\" maxlength=\"2000\" class=\"wpcf7-form-control wpcf7-textarea wpcf7-validates-as-required\" aria-required=\"true\" aria-invalid=\"false\" placeholder=\"Nome corso di interesse*\" name=\"your-message\"><\/textarea><\/span><\/div><\/div>\n<div class=\"itm row\"><span class=\"wpcf7-form-control-wrap\" data-name=\"your-message\"><textarea cols=\"40\" rows=\"6\" maxlength=\"2000\" class=\"wpcf7-form-control wpcf7-textarea wpcf7-validates-as-required\" aria-required=\"true\" aria-invalid=\"false\" placeholder=\"Messaggio*\" name=\"your-message\"><\/textarea><\/span><\/div>\n<div class=\"itm row\"><span class=\"wpcf7-form-control-wrap\" data-name=\"acceptance-917\"><span class=\"wpcf7-form-control wpcf7-acceptance\"><span class=\"wpcf7-list-item\"><label><input type=\"checkbox\" name=\"acceptance-917\" value=\"1\" aria-invalid=\"false\" \/><span class=\"wpcf7-list-item-label\">Ho letto l'informativa sulla <a href=\"https:\/\/www.efbusinessschool.it\/wp-content\/uploads\/2024\/09\/privacy-policy-ef.pdf%22\">Privacy<\/a> e acconsento al trattamento dei miei dati personali ai sensi dell'art. 13 del D. Lgs. 196\/2003<\/span><\/label><\/span><\/span><\/span><\/div>\n<div class=\"sc_form_field sc_form_field_button sc_form_field_submit\">\n<input class=\"wpcf7-form-control wpcf7-submit has-spinner\" type=\"submit\" value=\"INVIA\" \/><\/div><div class=\"wpcf7-response-output\" aria-hidden=\"true\"><\/div>\n<\/form>\n<\/div>\n\n\n\n\n<figure class=\"wp-block-image size-large\"><img loading=\"lazy\" decoding=\"async\" width=\"819\" height=\"1024\" src=\"https:\/\/www.efbusinessschool.it\/wp-content\/uploads\/2024\/09\/GRafica-Formazione-Aziendale-Finanziata-819x1024.jpg\" alt=\"\" class=\"wp-image-1788\" srcset=\"https:\/\/www.efbusinessschool.it\/wp-content\/uploads\/2024\/09\/GRafica-Formazione-Aziendale-Finanziata-819x1024.jpg 819w, https:\/\/www.efbusinessschool.it\/wp-content\/uploads\/2024\/09\/GRafica-Formazione-Aziendale-Finanziata-240x300.jpg 240w, https:\/\/www.efbusinessschool.it\/wp-content\/uploads\/2024\/09\/GRafica-Formazione-Aziendale-Finanziata-768x960.jpg 768w, https:\/\/www.efbusinessschool.it\/wp-content\/uploads\/2024\/09\/GRafica-Formazione-Aziendale-Finanziata-370x463.jpg 370w, https:\/\/www.efbusinessschool.it\/wp-content\/uploads\/2024\/09\/GRafica-Formazione-Aziendale-Finanziata-760x950.jpg 760w, https:\/\/www.efbusinessschool.it\/wp-content\/uploads\/2024\/09\/GRafica-Formazione-Aziendale-Finanziata.jpg 1080w\" sizes=\"auto, (max-width: 819px) 100vw, 819px\" \/><\/figure>\n","protected":false},"excerpt":{"rendered":"<p>Fondoprofessioni \u00e8 il Fondo Paritetico Interprofessionale Nazionale per la formazione continua negli Studi Professionali e nelle Aziende collegate, riconosciuto dal Ministero del Lavoro con decreto 408\/03 del 29 dicembre 2003. Il Fondo \u00e8 nato a seguito dell\u2019Accordo interconfederale del 7 novembre 2003, tra Confprofessioni, Confedertecnica, Cipa e Cgil, Cisl, Uil. <\/p>\n","protected":false},"author":990002,"featured_media":1256,"comment_status":"open","ping_status":"closed","template":"","class_list":["post-1203","cpt_courses","type-cpt_courses","status-publish","has-post-thumbnail","hentry","cpt_courses_group-corsi-aziende"],"_links":{"self":[{"href":"https:\/\/www.efbusinessschool.it\/index.php\/wp-json\/wp\/v2\/cpt_courses\/1203","targetHints":{"allow":["GET"]}}],"collection":[{"href":"https:\/\/www.efbusinessschool.it\/index.php\/wp-json\/wp\/v2\/cpt_courses"}],"about":[{"href":"https:\/\/www.efbusinessschool.it\/index.php\/wp-json\/wp\/v2\/types\/cpt_courses"}],"author":[{"embeddable":true,"href":"https:\/\/www.efbusinessschool.it\/index.php\/wp-json\/wp\/v2\/users\/990002"}],"replies":[{"embeddable":true,"href":"https:\/\/www.efbusinessschool.it\/index.php\/wp-json\/wp\/v2\/comments?post=1203"}],"wp:featuredmedia":[{"embeddable":true,"href":"https:\/\/www.efbusinessschool.it\/index.php\/wp-json\/wp\/v2\/media\/1256"}],"wp:attachment":[{"href":"https:\/\/www.efbusinessschool.it\/index.php\/wp-json\/wp\/v2\/media?parent=1203"}],"curies":[{"name":"wp","href":"https:\/\/api.w.org\/{rel}","templated":true}]}}

<p class="wp-block-paragraph">Grazie a Fondoprofessioni, gli Studi professionali e le Aziende, anche di piccole dimensioni, possono ottenere agevolmente il <strong>finanziamento della formazione del proprio personale</strong>. <strong>L’adesione gratuita al Fondo</strong> consente di rispondere in maniera tempestiva alle esigenze formative degli Studi/Aziende, nel momento del bisogno. I corsi finanziati da <strong>Fondoprofessioni</strong> sono organizzati da Enti attuatori specializzati, presenti sull’intero territorio nazionale, che si occupano inoltre degli adempimenti amministrativi per l’accesso alla formazione finanziata, per conto degli Studi/Aziende.</p>



<p class="wp-block-paragraph"><strong>EF Business School è un Ente Accreditato presso il Fondo</strong> e può supportare la formazione in azienda a partire dalla progettazione del Piano Formativo, della gestione e della rendicontazione finale.</p>



<p class="wp-block-paragraph"><strong>Come aderire</strong></p>



<p class="wp-block-paragraph">L’adesione a <strong>Fondoprofessioni</strong> è facile, libera e gratuita: basta esprimerla una sola volta tramite la denuncia aziendale del flusso UNIEMENS. Così facendo, il contributo dello 0,30% del monte salari del personale dipendente, che viene già versato ogni mese dal datore di lavoro per obbligo legge, verrà destinato al Fondo, senza alcun costo aggiuntivo.</p>



<p class="wp-block-paragraph"><strong>Studi e Aziende aderenti ad altro fondo interprofessionale</strong></p>



<p class="wp-block-paragraph">Dovrà essere riportata nella denuncia aziendale del flusso Uniemens, all’interno dell’elemento “FondoInterprof”, opzione “Revoca”, la sigla “REVO“. Contestualmente, dovrà essere riportato il codice “FPRO”, seguito dal numero di dipendenti, per l’iscrizione a Fondoprofessioni (opzione “Adesione”).</p>



<p class="wp-block-paragraph"><strong>Studi e Aziende non aderenti ad altro fondo interprofessionale</strong></p>



<p class="wp-block-paragraph">Dovrà essere riportato nella denuncia aziendale del flusso Uniemens, all’interno dell’elemento “FondoInterprof”, opzione “Adesione“, il codice “FPRO” seguito dal numero dei dipendenti.</p>



<p class="wp-block-paragraph"><strong>Se desideri ricevere ulteriori informazioni puoi utilizzare la scheda di contatto:</strong></p>



<div class="wpcf7 no-js" id="wpcf7-f1378-o1" lang="en-US" dir="ltr" data-wpcf7-id="1378">
<div class="screen-reader-response"><p role="status" aria-live="polite" aria-atomic="true"></p> <ul></ul></div>
<form action="/index.php/wp-json/wp/v2/cpt_courses/1203#wpcf7-f1378-o1" method="post" class="wpcf7-form init" aria-label="Contact form" novalidate="novalidate" data-status="init">
<fieldset class="hidden-fields-container"><input type="hidden" name="_wpcf7" value="1378" /><input type="hidden" name="_wpcf7_version" value="6.1.7" /><input type="hidden" name="_wpcf7_locale" value="en_US" /><input type="hidden" name="_wpcf7_unit_tag" value="wpcf7-f1378-o1" /><input type="hidden" name="_wpcf7_container_post" value="0" /><input type="hidden" name="_wpcf7_posted_data_hash" value="" />
</fieldset>
<div class="flex">
<div class="itm row"><span class="wpcf7-form-control-wrap" data-name="your-name"><input size="40" maxlength="400" class="wpcf7-form-control wpcf7-text wpcf7-validates-as-required" aria-required="true" aria-invalid="false" placeholder="Nome e Cognome*" value="" type="text" name="your-name" /></span></div>
<div class="itm row"><span class="wpcf7-form-control-wrap" data-name="tel-52"><input size="40" maxlength="400" class="wpcf7-form-control wpcf7-tel wpcf7-validates-as-required wpcf7-text wpcf7-validates-as-tel" aria-required="true" aria-invalid="false" placeholder="Telefono*" value="" type="tel" name="tel-52" /></span></div> 
<div class="itm row"><span class="wpcf7-form-control-wrap" data-name="your-email"><input size="40" maxlength="400" class="wpcf7-form-control wpcf7-email wpcf7-validates-as-required wpcf7-text wpcf7-validates-as-email" aria-required="true" aria-invalid="false" placeholder="E-mail*" value="" type="email" name="your-email" /></span></div></div>
<div class="itm row"><span class="wpcf7-form-control-wrap" data-name="your-message"><textarea cols="40" rows="3" maxlength="2000" class="wpcf7-form-control wpcf7-textarea wpcf7-validates-as-required" aria-required="true" aria-invalid="false" placeholder="Nome corso di interesse*" name="your-message"></textarea></span></div></div>
<div class="itm row"><span class="wpcf7-form-control-wrap" data-name="your-message"><textarea cols="40" rows="6" maxlength="2000" class="wpcf7-form-control wpcf7-textarea wpcf7-validates-as-required" aria-required="true" aria-invalid="false" placeholder="Messaggio*" name="your-message"></textarea></span></div>
<div class="itm row"><span class="wpcf7-form-control-wrap" data-name="acceptance-917"><span class="wpcf7-form-control wpcf7-acceptance"><span class="wpcf7-list-item"><label><input type="checkbox" name="acceptance-917" value="1" aria-invalid="false" /><span class="wpcf7-list-item-label">Ho letto l'informativa sulla <a href="https://www.efbusinessschool.it/wp-content/uploads/2024/09/privacy-policy-ef.pdf%22">Privacy</a> e acconsento al trattamento dei miei dati personali ai sensi dell'art. 13 del D. Lgs. 196/2003</span></label></span></span></span></div>
<div class="sc_form_field sc_form_field_button sc_form_field_submit">
<input class="wpcf7-form-control wpcf7-submit has-spinner" type="submit" value="INVIA" /></div><div class="wpcf7-response-output" aria-hidden="true"></div>
</form>
</div>




<figure class="wp-block-image size-large"><img loading="lazy" decoding="async" width="819" height="1024" src="https://www.efbusinessschool.it/wp-content/uploads/2024/09/GRafica-Formazione-Aziendale-Finanziata-819x1024.jpg" alt="" class="wp-image-1788" srcset="https://www.efbusinessschool.it/wp-content/uploads/2024/09/GRafica-Formazione-Aziendale-Finanziata-819x1024.jpg 819w, https://www.efbusinessschool.it/wp-content/uploads/2024/09/GRafica-Formazione-Aziendale-Finanziata-240x300.jpg 240w, https://www.efbusinessschool.it/wp-content/uploads/2024/09/GRafica-Formazione-Aziendale-Finanziata-768x960.jpg 768w, https://www.efbusinessschool.it/wp-content/uploads/2024/09/GRafica-Formazione-Aziendale-Finanziata-370x463.jpg 370w, https://www.efbusinessschool.it/wp-content/uploads/2024/09/GRafica-Formazione-Aziendale-Finanziata-760x950.jpg 760w, https://www.efbusinessschool.it/wp-content/uploads/2024/09/GRafica-Formazione-Aziendale-Finanziata.jpg 1080w" sizes="auto, (max-width: 819px) 100vw, 819px" /></figure>

<p>Fondoprofessioni è il Fondo Paritetico Interprofessionale Nazionale per la formazione continua negli Studi Professionali e nelle Aziende collegate, riconosciuto dal Ministero del Lavoro con decreto 408/03 del 29 dicembre 2003. Il Fondo è nato a seguito dell’Accordo interconfederale del 7 novembre 2003, tra Confprofessioni, Confedertecnica, Cipa e Cgil, Cisl, Uil. </p>
